{"id":33,"date":"2025-04-02T16:54:09","date_gmt":"2025-04-02T14:54:09","guid":{"rendered":"https:\/\/adnormae.fr\/?page_id=33"},"modified":"2025-12-19T19:01:08","modified_gmt":"2025-12-19T18:01:08","slug":"qui-sommes-nous","status":"publish","type":"page","link":"https:\/\/adnormae.fr\/index.php\/qui-sommes-nous\/","title":{"rendered":"Qui sommes nous ?"},"content":{"rendered":"\n<p>Fabien PEREZ a cr\u00e9\u00e9 <strong>Ad Normae<\/strong>, avec la volont\u00e9 d&rsquo;optimiser l&rsquo;approche normative et la mettre \u00e0 port\u00e9e de tous dans l&rsquo;entreprise.<\/p>\n\n\n\n<div class=\"wp-block-media-text is-stacked-on-mobile is-vertically-aligned-center is-image-fill-element\" style=\"grid-template-columns:41% auto\"><figure class=\"wp-block-media-text__media\"><img loading=\"lazy\" decoding=\"async\" width=\"1024\" height=\"683\" src=\"https:\/\/adnormae.fr\/wp-content\/uploads\/2025\/10\/BBA-2025-Credit-Lucas-Delmas-Marsalet-33-1024x683.jpg\" alt=\"\" class=\"wp-image-146 size-full\" style=\"object-position:50% 50%\" srcset=\"https:\/\/adnormae.fr\/wp-content\/uploads\/2025\/10\/BBA-2025-Credit-Lucas-Delmas-Marsalet-33-1024x683.jpg 1024w, https:\/\/adnormae.fr\/wp-content\/uploads\/2025\/10\/BBA-2025-Credit-Lucas-Delmas-Marsalet-33-300x200.jpg 300w, https:\/\/adnormae.fr\/wp-content\/uploads\/2025\/10\/BBA-2025-Credit-Lucas-Delmas-Marsalet-33-768x512.jpg 768w, https:\/\/adnormae.fr\/wp-content\/uploads\/2025\/10\/BBA-2025-Credit-Lucas-Delmas-Marsalet-33.jpg 1200w\" sizes=\"auto, (max-width: 1024px) 100vw, 1024px\" \/><\/figure><div class=\"wp-block-media-text__content\">\n<p>Fabien a un doctorat en Chimie Analytique. Mais il est tr\u00e8s vite parti vers le milieu industriel. D\u00e8s 2002, en tant qu&rsquo;ing\u00e9nieur R&amp;D responsable de projets de d\u00e9veloppement, il se confronte \u00e0 la probl\u00e9matique des normes et de la reconnaissance du produit sur le march\u00e9.<\/p>\n\n\n\n<p>Quant \u00e0 ses domaines d&rsquo;activit\u00e9s de pr\u00e9dilection, ce sont le BTP, les fluides et la plasturgie.<\/p>\n\n\n\n<p>L&rsquo;AFNOR, le CSTB ou encore le LNE sont devenus ses principaux lieux d&rsquo;action, au m\u00eame titre que les syndicats professionnels.<\/p>\n<\/div><\/div>\n\n\n\n<p>Il a appris \u00e0 naviguer dans ce milieu. Un milieu o\u00f9 le temps ne s&rsquo;\u00e9coule pas de la m\u00eame mani\u00e8re que dans les autres services de l&rsquo;entreprise. Le recours \u00e0 une bonne connaissance de la vision et de la strat\u00e9gie d&rsquo;entreprise est imp\u00e9ratif, puisque tout est pilot\u00e9 \u00e0 long terme. Et pourtant, il est parfois imp\u00e9ratif de prendre position sur un vote aux lourdes cons\u00e9quences lors d&rsquo;une s\u00e9ance de travail.<\/p>\n\n\n\n<div class=\"wp-block-media-text has-media-on-the-right is-stacked-on-mobile is-image-fill-element\" style=\"grid-template-columns:auto 39%\"><div class=\"wp-block-media-text__content\">\n<p>Conna\u00eetre ses interlocuteurs internes. Favoriser le dialogue et les \u00e9changes entre les diff\u00e9rents services de l&rsquo;entreprise. Voil\u00e0 \u00e9galement des pr\u00e9requis qu&rsquo;il a appris \u00e0 ma\u00eetriser tout au long de sa carri\u00e8re professionnelle.<\/p>\n\n\n\n<p>Coordonner le marketing, la R&amp;D, les op\u00e9rations. Fonctionner en harmonie avec le service qualit\u00e9 et la direction. Ce sont des conditions imp\u00e9ratives pour limiter les probl\u00e8mes de d\u00e9rives de plannings ou de suspension de marque de qualit\u00e9.<\/p>\n<\/div><figure class=\"wp-block-media-text__media\"><img loading=\"lazy\" decoding=\"async\" width=\"1024\" height=\"1024\" src=\"https:\/\/adnormae.fr\/wp-content\/uploads\/2025\/10\/Coordonner-et-Fonctionner-en-harmonie-1024x1024.jpg\" alt=\"\" class=\"wp-image-145 size-full\" style=\"object-position:50% 50%\" srcset=\"https:\/\/adnormae.fr\/wp-content\/uploads\/2025\/10\/Coordonner-et-Fonctionner-en-harmonie-1024x1024.jpg 1024w, https:\/\/adnormae.fr\/wp-content\/uploads\/2025\/10\/Coordonner-et-Fonctionner-en-harmonie-300x300.jpg 300w, https:\/\/adnormae.fr\/wp-content\/uploads\/2025\/10\/Coordonner-et-Fonctionner-en-harmonie-150x150.jpg 150w, https:\/\/adnormae.fr\/wp-content\/uploads\/2025\/10\/Coordonner-et-Fonctionner-en-harmonie-768x768.jpg 768w, https:\/\/adnormae.fr\/wp-content\/uploads\/2025\/10\/Coordonner-et-Fonctionner-en-harmonie.jpg 1200w\" sizes=\"auto, (max-width: 1024px) 100vw, 1024px\" \/><\/figure><\/div>\n\n\n\n<div id=\"makeiteasy-back-to-top\" data-smooth-scroll=\"false\" data-enable-on-desktop=\"true\" data-break-point-mobile-desktop=\"768\" data-go-to-bottom=\"false\" style=\"--makeiteasy-back-to-top-opacity:0.7;--makeiteasy-back-to-top-visibility-transition-duration:0.3s;--makeiteasy-back-to-top-right:30px;--makeiteasy-back-to-top-bottom:30px\" class=\"wp-block-makeiteasy-back-to-top alignleft\">\n<div class=\"wp-block-button\"><a class=\"wp-block-button__link wp-element-button\" style=\"border-radius:9px;padding-top:12px;padding-right:12px;padding-bottom:12px;padding-left:12px\"><img loading=\"lazy\" decoding=\"async\" width=\"24\" height=\"24\" src=\"data:image\/svg+xml;base64,PHN2ZyB3aWR0aD0iMjQiIGhlaWdodD0iMjQiIHZlcnNpb249IjEuMSIgdmlld0JveD0iMCA5NiA0ODAgMjgzIiB4bWxucz0iaHR0cDovL3d3dy53My5vcmcvMjAwMC9zdmciPjxwYXRoIGQ9Im00MyAzNzktNDMtNDMgMjQwLTI0MCAyNDAgMjQwLTQzIDQzLTE5Ny0xOTd6IiBmaWxsPSIjZmZmIi8+PC9zdmc+Cg==\" alt=\"Back to top arrow\"><\/a><\/div>\n<\/div>\n","protected":false},"excerpt":{"rendered":"<p>Fabien PEREZ a cr\u00e9\u00e9 Ad Normae, avec la volont\u00e9 d&rsquo;optimiser l&rsquo;approche normative et la mettre \u00e0 port\u00e9e de tous dans l&rsquo;entreprise. Fabien a un doctorat en Chimie Analytique. Mais il est tr\u00e8s vite parti vers le milieu industriel. D\u00e8s 2002, en tant qu&rsquo;ing\u00e9nieur R&amp;D responsable de projets de d\u00e9veloppement, il se confronte \u00e0 la probl\u00e9matique [&hellip;]<\/p>\n","protected":false},"author":1,"featured_media":169,"parent":0,"menu_order":0,"comment_status":"closed","ping_status":"closed","template":"","meta":{"footnotes":""},"class_list":["post-33","page","type-page","status-publish","has-post-thumbnail","hentry"],"yoast_head":"<!-- This site is optimized with the Yoast SEO plugin v27.2 - https:\/\/yoast.com\/product\/yoast-seo-wordpress\/ -->\n<title>Qui sommes nous ? - Fabien Perez<\/title>\n<meta name=\"description\" content=\"Fabien PEREZ a cr\u00e9\u00e9 Ad Normae, avec la volont\u00e9 d&#039;optimiser l&#039;approche normative et la mettre \u00e0 port\u00e9e de tous dans l&#039;entreprise.\" \/>\n<meta name=\"robots\" content=\"index, follow, max-snippet:-1, max-image-preview:large, max-video-preview:-1\" \/>\n<link rel=\"canonical\" href=\"https:\/\/adnormae.fr\/index.php\/qui-sommes-nous\/\" \/>\n<meta property=\"og:locale\" content=\"fr_FR\" \/>\n<meta property=\"og:type\" content=\"article\" \/>\n<meta property=\"og:title\" content=\"Qui sommes nous ? - Fabien Perez\" \/>\n<meta property=\"og:description\" content=\"Fabien PEREZ a cr\u00e9\u00e9 Ad Normae, avec la volont\u00e9 d&#039;optimiser l&#039;approche normative et la mettre \u00e0 port\u00e9e de tous dans l&#039;entreprise.\" \/>\n<meta property=\"og:url\" content=\"https:\/\/adnormae.fr\/index.php\/qui-sommes-nous\/\" \/>\n<meta property=\"og:site_name\" content=\"Fabien Perez\" \/>\n<meta property=\"article:modified_time\" content=\"2025-12-19T18:01:08+00:00\" \/>\n<meta property=\"og:image\" content=\"https:\/\/adnormae.fr\/wp-content\/uploads\/2025\/12\/Echecs.jpg\" \/>\n\t<meta property=\"og:image:width\" content=\"1066\" \/>\n\t<meta property=\"og:image:height\" content=\"800\" \/>\n\t<meta property=\"og:image:type\" content=\"image\/jpeg\" \/>\n<meta name=\"twitter:card\" content=\"summary_large_image\" \/>\n<meta name=\"twitter:label1\" content=\"Dur\u00e9e de lecture estim\u00e9e\" \/>\n\t<meta name=\"twitter:data1\" content=\"3 minutes\" \/>\n<script type=\"application\/ld+json\" class=\"yoast-schema-graph\">{\"@context\":\"https:\/\/schema.org\",\"@graph\":[{\"@type\":\"WebPage\",\"@id\":\"https:\/\/adnormae.fr\/index.php\/qui-sommes-nous\/\",\"url\":\"https:\/\/adnormae.fr\/index.php\/qui-sommes-nous\/\",\"name\":\"Qui sommes nous ? - Fabien Perez\",\"isPartOf\":{\"@id\":\"https:\/\/adnormae.fr\/#website\"},\"primaryImageOfPage\":{\"@id\":\"https:\/\/adnormae.fr\/index.php\/qui-sommes-nous\/#primaryimage\"},\"image\":{\"@id\":\"https:\/\/adnormae.fr\/index.php\/qui-sommes-nous\/#primaryimage\"},\"thumbnailUrl\":\"https:\/\/adnormae.fr\/wp-content\/uploads\/2025\/12\/Echecs.jpg\",\"datePublished\":\"2025-04-02T14:54:09+00:00\",\"dateModified\":\"2025-12-19T18:01:08+00:00\",\"description\":\"Fabien PEREZ a cr\u00e9\u00e9 Ad Normae, avec la volont\u00e9 d'optimiser l'approche normative et la mettre \u00e0 port\u00e9e de tous dans l'entreprise.\",\"breadcrumb\":{\"@id\":\"https:\/\/adnormae.fr\/index.php\/qui-sommes-nous\/#breadcrumb\"},\"inLanguage\":\"fr-FR\",\"potentialAction\":[{\"@type\":\"ReadAction\",\"target\":[\"https:\/\/adnormae.fr\/index.php\/qui-sommes-nous\/\"]}]},{\"@type\":\"ImageObject\",\"inLanguage\":\"fr-FR\",\"@id\":\"https:\/\/adnormae.fr\/index.php\/qui-sommes-nous\/#primaryimage\",\"url\":\"https:\/\/adnormae.fr\/wp-content\/uploads\/2025\/12\/Echecs.jpg\",\"contentUrl\":\"https:\/\/adnormae.fr\/wp-content\/uploads\/2025\/12\/Echecs.jpg\",\"width\":1066,\"height\":800},{\"@type\":\"BreadcrumbList\",\"@id\":\"https:\/\/adnormae.fr\/index.php\/qui-sommes-nous\/#breadcrumb\",\"itemListElement\":[{\"@type\":\"ListItem\",\"position\":1,\"name\":\"Accueil\",\"item\":\"https:\/\/adnormae.fr\/\"},{\"@type\":\"ListItem\",\"position\":2,\"name\":\"Qui sommes nous ?\"}]},{\"@type\":\"WebSite\",\"@id\":\"https:\/\/adnormae.fr\/#website\",\"url\":\"https:\/\/adnormae.fr\/\",\"name\":\"Fabien Perez\",\"description\":\"Conseil, Assistance, Transition et Formation en Homologation et Certification Produits et Solutions et en Veille Normative \",\"publisher\":{\"@id\":\"https:\/\/adnormae.fr\/#organization\"},\"potentialAction\":[{\"@type\":\"SearchAction\",\"target\":{\"@type\":\"EntryPoint\",\"urlTemplate\":\"https:\/\/adnormae.fr\/?s={search_term_string}\"},\"query-input\":{\"@type\":\"PropertyValueSpecification\",\"valueRequired\":true,\"valueName\":\"search_term_string\"}}],\"inLanguage\":\"fr-FR\"},{\"@type\":\"Organization\",\"@id\":\"https:\/\/adnormae.fr\/#organization\",\"name\":\"Fabien Perez\",\"url\":\"https:\/\/adnormae.fr\/\",\"logo\":{\"@type\":\"ImageObject\",\"inLanguage\":\"fr-FR\",\"@id\":\"https:\/\/adnormae.fr\/#\/schema\/logo\/image\/\",\"url\":\"https:\/\/adnormae.fr\/wp-content\/uploads\/2025\/03\/cropped-Logo-et-Baseline-complets.png\",\"contentUrl\":\"https:\/\/adnormae.fr\/wp-content\/uploads\/2025\/03\/cropped-Logo-et-Baseline-complets.png\",\"width\":1631,\"height\":612,\"caption\":\"Fabien Perez\"},\"image\":{\"@id\":\"https:\/\/adnormae.fr\/#\/schema\/logo\/image\/\"}}]}<\/script>\n<!-- \/ Yoast SEO plugin. -->","yoast_head_json":{"title":"Qui sommes nous ? - Fabien Perez","description":"Fabien PEREZ a cr\u00e9\u00e9 Ad Normae, avec la volont\u00e9 d'optimiser l'approche normative et la mettre \u00e0 port\u00e9e de tous dans l'entreprise.","robots":{"index":"index","follow":"follow","max-snippet":"max-snippet:-1","max-image-preview":"max-image-preview:large","max-video-preview":"max-video-preview:-1"},"canonical":"https:\/\/adnormae.fr\/index.php\/qui-sommes-nous\/","og_locale":"fr_FR","og_type":"article","og_title":"Qui sommes nous ? - Fabien Perez","og_description":"Fabien PEREZ a cr\u00e9\u00e9 Ad Normae, avec la volont\u00e9 d'optimiser l'approche normative et la mettre \u00e0 port\u00e9e de tous dans l'entreprise.","og_url":"https:\/\/adnormae.fr\/index.php\/qui-sommes-nous\/","og_site_name":"Fabien Perez","article_modified_time":"2025-12-19T18:01:08+00:00","og_image":[{"width":1066,"height":800,"url":"https:\/\/adnormae.fr\/wp-content\/uploads\/2025\/12\/Echecs.jpg","type":"image\/jpeg"}],"twitter_card":"summary_large_image","twitter_misc":{"Dur\u00e9e de lecture estim\u00e9e":"3 minutes"},"schema":{"@context":"https:\/\/schema.org","@graph":[{"@type":"WebPage","@id":"https:\/\/adnormae.fr\/index.php\/qui-sommes-nous\/","url":"https:\/\/adnormae.fr\/index.php\/qui-sommes-nous\/","name":"Qui sommes nous ? - Fabien Perez","isPartOf":{"@id":"https:\/\/adnormae.fr\/#website"},"primaryImageOfPage":{"@id":"https:\/\/adnormae.fr\/index.php\/qui-sommes-nous\/#primaryimage"},"image":{"@id":"https:\/\/adnormae.fr\/index.php\/qui-sommes-nous\/#primaryimage"},"thumbnailUrl":"https:\/\/adnormae.fr\/wp-content\/uploads\/2025\/12\/Echecs.jpg","datePublished":"2025-04-02T14:54:09+00:00","dateModified":"2025-12-19T18:01:08+00:00","description":"Fabien PEREZ a cr\u00e9\u00e9 Ad Normae, avec la volont\u00e9 d'optimiser l'approche normative et la mettre \u00e0 port\u00e9e de tous dans l'entreprise.","breadcrumb":{"@id":"https:\/\/adnormae.fr\/index.php\/qui-sommes-nous\/#breadcrumb"},"inLanguage":"fr-FR","potentialAction":[{"@type":"ReadAction","target":["https:\/\/adnormae.fr\/index.php\/qui-sommes-nous\/"]}]},{"@type":"ImageObject","inLanguage":"fr-FR","@id":"https:\/\/adnormae.fr\/index.php\/qui-sommes-nous\/#primaryimage","url":"https:\/\/adnormae.fr\/wp-content\/uploads\/2025\/12\/Echecs.jpg","contentUrl":"https:\/\/adnormae.fr\/wp-content\/uploads\/2025\/12\/Echecs.jpg","width":1066,"height":800},{"@type":"BreadcrumbList","@id":"https:\/\/adnormae.fr\/index.php\/qui-sommes-nous\/#breadcrumb","itemListElement":[{"@type":"ListItem","position":1,"name":"Accueil","item":"https:\/\/adnormae.fr\/"},{"@type":"ListItem","position":2,"name":"Qui sommes nous ?"}]},{"@type":"WebSite","@id":"https:\/\/adnormae.fr\/#website","url":"https:\/\/adnormae.fr\/","name":"Fabien Perez","description":"Conseil, Assistance, Transition et Formation en Homologation et Certification Produits et Solutions et en Veille Normative ","publisher":{"@id":"https:\/\/adnormae.fr\/#organization"},"potentialAction":[{"@type":"SearchAction","target":{"@type":"EntryPoint","urlTemplate":"https:\/\/adnormae.fr\/?s={search_term_string}"},"query-input":{"@type":"PropertyValueSpecification","valueRequired":true,"valueName":"search_term_string"}}],"inLanguage":"fr-FR"},{"@type":"Organization","@id":"https:\/\/adnormae.fr\/#organization","name":"Fabien Perez","url":"https:\/\/adnormae.fr\/","logo":{"@type":"ImageObject","inLanguage":"fr-FR","@id":"https:\/\/adnormae.fr\/#\/schema\/logo\/image\/","url":"https:\/\/adnormae.fr\/wp-content\/uploads\/2025\/03\/cropped-Logo-et-Baseline-complets.png","contentUrl":"https:\/\/adnormae.fr\/wp-content\/uploads\/2025\/03\/cropped-Logo-et-Baseline-complets.png","width":1631,"height":612,"caption":"Fabien Perez"},"image":{"@id":"https:\/\/adnormae.fr\/#\/schema\/logo\/image\/"}}]}},"jetpack_sharing_enabled":true,"_links":{"self":[{"href":"https:\/\/adnormae.fr\/index.php\/wp-json\/wp\/v2\/pages\/33","targetHints":{"allow":["GET"]}}],"collection":[{"href":"https:\/\/adnormae.fr\/index.php\/wp-json\/wp\/v2\/pages"}],"about":[{"href":"https:\/\/adnormae.fr\/index.php\/wp-json\/wp\/v2\/types\/page"}],"author":[{"embeddable":true,"href":"https:\/\/adnormae.fr\/index.php\/wp-json\/wp\/v2\/users\/1"}],"replies":[{"embeddable":true,"href":"https:\/\/adnormae.fr\/index.php\/wp-json\/wp\/v2\/comments?post=33"}],"version-history":[{"count":4,"href":"https:\/\/adnormae.fr\/index.php\/wp-json\/wp\/v2\/pages\/33\/revisions"}],"predecessor-version":[{"id":171,"href":"https:\/\/adnormae.fr\/index.php\/wp-json\/wp\/v2\/pages\/33\/revisions\/171"}],"wp:featuredmedia":[{"embeddable":true,"href":"https:\/\/adnormae.fr\/index.php\/wp-json\/wp\/v2\/media\/169"}],"wp:attachment":[{"href":"https:\/\/adnormae.fr\/index.php\/wp-json\/wp\/v2\/media?parent=33"}],"curies":[{"name":"wp","href":"https:\/\/api.w.org\/{rel}","templated":true}]}}